Let v(r) = 5*r - 7. Let w(h) = -4*h + 8. Let j(u) = 2*v(u) + 3*w(u). Let q = 3 - -5. Calculate j(q).
-6
Let o = 207 - 201. Let y(i) = i**2 - 6*i + 7. Determine y(o).
7
Suppose 3*i - 2*i + x = 8, -4*x = -i - 7. Suppose 0*a = i*a - 25. Let f(z) = a*z**2 - 4*z**2 + 11 - 4 + 6*z. Determine f(-5).
2
Let i(s) = 5*s**2 - 2*s - 9. Let r(c) = 3*c**2 - c - 5. Let l(t) = -6*i(t) + 11*r(t). Let p = -11 - -16. Let u = 3 - p. Calculate l(u).
9
Let y(u) be the second derivative of -u**3/2 - 9*u**2/2 + 20*u. Let w = 17 - 24. Give y(w).
12
Let g(y) = -y**3 + 3*y**2 - 2*y + 4. Let f be g(3). Let i be 3/3*(3 - f). Let w(u) = -u**2 + 4*u + 7. Calculate w(i).
2
Let m(y) be the second derivative of -y**6/180 + 2*y**4/3 - 6*y. Let n(v) be the third derivative of m(v). Let t = 146 + -147. Give n(t).
4
Let j(z) = -z**3 + 6*z**2 + 8. Let x be j(6). Suppose u + x = -3*u. Let t(b) = -4*b - 3 + 0*b + 0. Determine t(u).
5
Let s(q) = -2*q + 3. Let w(d) = -9*d + 165. Let a be w(18). What is s(a)?
-3
Suppose 5*r - 25 = -0. Let n(g) be the first derivative of -g**4/4 + 4*g**3/3 + 5*g**2/2 + g + 594. What is n(r)?
1
Let j(i) be the first derivative of i**3/3 - 11*i**2/2 + 14*i - 66. Calculate j(6).
-16
Let y = 43 - 39. Let q be (-18)/(-8) + (-5)/20. Let k(l) = -l**2 + q + l - 3 + 3. What is k(y)?
-10
Let f(a) = -a**3 + 10*a**2 + a - 9. Let w be f(10). Let p(v) = -17*v**2 + v + v**2 - w - 4*v**2 + 2*v**2. Determine p(1).
-18
Let z(o) = 3*o**3 - 5*o**2 - 4*o - 6. Let v(l) = 3*l**3 - 4*l**2 - 3*l - 5. Let i(n) = 5*v(n) - 4*z(n). Give i(-2).
-27
Let p(s) = 2*s**3 + 3*s**3 + 2*s**3 + 7*s - 2 - 8*s**3 + 5*s**2. Let t = 8 - 2. Give p(t).
4
Let x(v) = v**3 + 4*v**2 + 5*v + 3. Let n(l) = -l + 10. Let r be n(11). Let k be (12 + -3)*r/3. Calculate x(k).
-3
Let b(w) = -2*w + 11. Let n(f) = 3*f - 17. Suppose -4*h = 5*y + h + 5, -21 = 5*y + h. Let s(p) = y*n(p) - 8*b(p). Calculate s(7).
4
Suppose 3*l + 6 + 9 = 0. Let r(k) = 4 + 2206*k - 2 + 2212*k - 4419*k. Give r(l).
7
Let w(y) be the first derivative of 1/2*y**2 - 7*y - 25. What is w(6)?
-1
Let o(x) = 0*x - 2*x + 9*x. Let b(t) = -2*t**2 - 17*t - 9. Let n = 11 + -19. Let u be b(n). Calculate o(u).
-7
Let x(p) = -6*p. Let t(b) = b + 1. Let h(q) = -t(q) + x(q). Determine h(3).
-22
Let y be (-9*12/(-270))/(2/(-50)). Let m(j) = j**3 + 11*j**2 + 12*j + 22. What is m(y)?
2
Let g(w) = 12*w - 21*w + 5 + 13*w + 0. Give g(-6).
-19
Let a(y) = -y**3 + 10*y**2 - 10*y + 11. Suppose -351*q = -355*q + 36. Determine a(q).
2
Let a(k) = -3*k + 9. Suppose 9*x = 18*x - 54. Determine a(x).
-9
Let r(x) = -2*x**2 + 4 - 67 + 57 + 17*x. Determine r(9).
-15
Suppose 4*y - 52 = -2*t, -y + 5*t = -6*y + 75. Suppose -4*g = -y*g + 21. Let u(n) = n**3 - 3*n**2 + 2*n - 3. Calculate u(g).
3
Let f(i) = -i**3 - 23*i**2 + 50*i - 6. Let z be f(-25). Let p(v) = v**2 + 7*v + 13. Give p(z).
7
Let x(v) be the third derivative of -v**7/1680 + v**6/144 + 23*v**5/60 + 20*v**2 - 1. Let n(w) be the third derivative of x(w). Give n(4).
-7
Let n(i) = i - 7. Let h be (20/(-6))/((-10)/(-15)). Give n(h).
-12
Let c(r) = -r**2 - 9*r - 4. Suppose -3*j + 10 - 4 = 0. Suppose -j*k - 10 = -4*a, -4*a - 14 - 11 = 3*k. Calculate c(k).
10
Let a(q) = q**2 + 1. Let g(v) = 2*v**2 + 6*v + 6. Let i(t) = 3*a(t) - g(t). Let d be (2/6)/((-2)/(-12)). Suppose -2*r + 26 = 4*k, -d*r = -3*r + 3. What is i(k)?
-8
Let v be (-3 - -4)*(6 + 28/(-4)). Let c(z) be the first derivative of 21*z**2/2 + z - 1. Give c(v).
-20
Let x(a) be the second derivative of -7/6*a**3 + 40*a - 1/2*a**2 + 1/20*a**5 + 5/12*a**4 + 0. Determine x(-6).
5
Suppose -45*y = -43*y + 8. Let w(d) = -d**3 - 5*d**2 - 2*d + 2. What is w(y)?
-6
Let y be 6/21 + 74/(-14). Let p(s) = -5*s + 6*s - 2*s + 7. Calculate p(y).
12
Let a(n) = -13*n**2 - 16*n - 178. Let q(z) = -6*z**2 - 7*z - 81. Let j(p) = -5*a(p) + 11*q(p). Let i be (-3)/6 + (-10)/(-4). Give j(i).
1
Let m(j) = 0*j**2 - 17 - 2*j**2 + 4 + 0*j**2 + 21. Determine m(-6).
-64
Let i = -6 - -9. Let q(y) be the first derivative of 3/2*y**2 - 3 + 1/4*y**4 + 2*y - y**3. Determine q(i).
11
Let l(s) = -13*s**2 + 27*s - 11. Let h = -12 - -3. Let b(n) = 3*n**2 - 7*n + 3. Let r(z) = h*b(z) - 2*l(z). Let d(j) = -j + 1. Let a be d(-6). Give r(a).
9
Let a(s) = s + 7. Let q(y) = -2*y - 13. Let v(p) = 5*a(p) + 3*q(p). Calculate v(-4).
0
Let i(p) = -p**2 - 9*p. Let r be ((-2)/4)/(1/(-2)) + 6. Let c = -15 + r. What is i(c)?
8
Let d(i) = i + 4. Suppose -4*q - 54 + 66 = 0. Determine d(q).
7
Let f(o) = -2*o**2 + 24*o + 211. Let r be f(-6). Let j(l) = -5*l - 8. Let a(v) = v + 1. Let y(s) = -6*a(s) - j(s). Give y(r).
7
Let r(d) = d**3 + 10*d**2 + 10*d - 3. Let k be (-132)/15 + (-13)/65. Calculate r(k).
-12
Let r = -53 + 57. Let c(k) = -r + 3 + 2 - 7*k + 0. Give c(1).
-6
Let f be 24/(-16)*(-1 - 19/3). Let o(c) = f*c - 3*c - 1 - c**2 + 2 - 5. Determine o(6).
8
Let n be (-3)/(4 - 1) - -93. Let t be 2/7 - n/28. Let g(x) = -2*x**3 - 3*x**2 + x + 4. Let l(v) = -v**3 - v**2. Let j(f) = g(f) - l(f). Determine j(t).
10
Let z(j) = 0*j**3 - 14*j**2 - 4 - 38*j + 2*j**3 - j**3 + 52*j. Calculate z(13).
9
Let n(v) = v**3 - 3*v**2 - 4*v. Let h(o) = 2*o - 13. Let p(q) = 4*q - 10. Let u be p(5). Let d be h(u). Let b be (-1)/(-2) + d/2. What is n(b)?
0
Suppose -2*y + 13 = 5*c - 9, 1 = -3*y + c. Let i(s) = 8*s**2. Determine i(y).
8
Let s(c) = 9*c**2. Let p be (-14)/(-4) + 3/2. Let t be 1*p*144/(-45). Let h = t - -15. Give s(h).
9
Let o(x) = -2*x + 2. Let q(m) = 2*m - 26. Let v(f) = 2*o(f) + q(f). Calculate v(-15).
8
Let x(k) = k**2 + k - 4. Suppose -40 = 5*y - 0*y. Let s be (-1 - 0)*(-5 - y). Calculate x(s).
2
Let l(m) be the third derivative of m**6/120 - m**5/12 + m**4/8 - m**3/6 - 3*m**2. Suppose 4*b - 26 + 10 = 0. What is l(b)?
-5
Let m(l) be the second derivative of -1/2*l**2 + 0 - 1/6*l**3 + 5/12*l**4 - 2*l - 1/20*l**5. Let x be -5 + 3 + 3 + 3. Calculate m(x).
11
Let d(g) = -g**2 + g + 20. Suppose 20*v - 73 = -73. What is d(v)?
20
Let c(s) be the third derivative of 0*s + 0*s**3 + 0 - 1/8*s**4 - 15*s**2. Determine c(-5).
15
Suppose -4*o - 5*f - 7 = 0, -2*o - 2*f - 8 = 2*f. Let x be ((-54)/36)/((-1)/o). Let p(h) = 2*h - 1 - 1 + 0 + 3*h. Calculate p(x).
13
Let z(i) = -2*i**2 + 19*i - 31. Let o(m) = -3*m**2 + 28*m - 47. Let d(g) = -5*o(g) + 8*z(g). Give d(9).
14
Suppose 3 = -5*h + 28. Suppose 4*b - 3*b = h*r - 1, -r = b - 5. Let i(c) = -c**3 + 3*c**2 + 6*c - 5. What is i(b)?
3
Let m(h) = 1 + h**2 - 4 + 5 + 9*h. Let j be -12*((-15)/(-36) + 5/15). What is m(j)?
2
Let n(v) = 3*v + 3. Let l be 6/(-10) + (-9)/(-15). Suppose -2*x + s - 3 = 7, l = s - 2. Calculate n(x).
-9
Let b(j) be the third derivative of j**6/120 - j**5/60 - j**4/8 - 3*j**3/2 + 5*j**2 - 14. Determine b(4).
27
Suppose 2*k - 7 = z - 1, 6 = -z + 4*k. Let w(i) = i + 3. Calculate w(z).
-3
Let b(z) be the second derivative of z**3/3 + 5*z**2/2 + 27*z. Let l(q) = -2*q**2 - 3*q - 3. Let i be l(-2). Calculate b(i).
-5
Let h = 10 + -11. Let c(z) = 0*z - 25 + 26 + z - 3*z. Calculate c(h).
3
Let v(m) = 3*m + 3. Let f = -11 - -18. Let g = f - 10. What is v(g)?
-6
Let w(i) = -i**2 + 20*i + 3 - 57*i + 35*i + 2*i**2. Let x = -32 + 36. What is w(x)?
11
Let a be (0 - 4/3) + 60/(-90). Let i be (-5)/a - 3/6. Let r(j) = -3*j**2 + 4*j - 3. Calculate r(i).
-7
Let y be ((-35)/(-28))/(((-14)/(-1160))/7). Let a(t) = 0*t + y*t**2 - 726*t**2 + t - 1. Give a(2).
-3
Let d(c) = -4*c - 7*c**3 + 0*c**3 + 3*c**3 + c + 2 - 5*c**2. Let u(i) = -3*i**3 - 5*i**2 - 3*i + 2. Let z(b) = -2*d(b) + 3*u(b). Calculate z(-4).
-2
Let j(x) = 4 - 3 + 2 + x. Let r(n) = -4*n + 5*n + 2*n + 2 - n**3 - 2*n - 8*n**2. Let o be r(-8). Give j(o).
-3
Let v(q) = -q**2 - 5*q + 3. Suppose 59*a = -436 + 82. Calculate v(a).
-3
Let s(u) = 12*u**2 - 4*u + 4. Let x(z) = 4*z**2 - z + 1. Let q = -9 - -16. Let g(f) = q*x(f) - 2*s(f). Let v be (-3)/2*10/(-15). Determine g(v).
4
Let k(u) = 20*u - 61. Let o(s) = 7*s - 21. Let r(h) = -6*k(h) + 17*o(h). Let z(i) = -2*i + 17. Let l(c) = 5*r(c) - 3*z(c). Calculate l(7).
1
Let r(a) = -2*a**2 + 4. Let o(f) = -f**3 - 10*f**2 + 11*f - 10. Let v be o(-11). Let c = v - -7. What is r(c)?
-14
Let a(p) = p**3 - p - 1. Let f(x) = -6*x**3 + x**2 + 5*x + 13. Let y(h) = -5*a(h) - f(h). Let w = -153 + 153. Give y(w).
-8
Suppose -6 = 2*o + 3*z - 153, -279 = -4*o - z. Let s = -62 + o. Let v(w) = -w**3 + 8*w**2 - 8*w +